{"id":52,"date":"2023-10-20T14:40:50","date_gmt":"2023-10-20T11:40:50","guid":{"rendered":"https:\/\/akademiktezdestek.com\/index.php\/our-story\/"},"modified":"2025-02-18T04:47:05","modified_gmt":"2025-02-18T01:47:05","slug":"hakkimizda","status":"publish","type":"page","link":"https:\/\/akademiktezdestek.com\/index.php\/hakkimizda\/","title":{"rendered":"HAKKIMIZDA"},"content":{"rendered":"\t\t<div data-elementor-type=\"wp-page\" data-elementor-id=\"52\" class=\"elementor elementor-52\">\n\t\t\t\t\t\t\t<div class=\"elementor-element elementor-element-47a8853c e-con-full e-flex e-con e-parent\" data-id=\"47a8853c\" data-element_type=\"container\" data-settings=\"{&quot;content_width&quot;:&quot;full&quot;}\" data-core-v316-plus=\"true\">\n\t\t<div class=\"elementor-element elementor-element-8734fb e-con-full e-flex e-con e-child\" data-id=\"8734fb\" data-element_type=\"container\" data-settings=\"{&quot;content_width&quot;:&quot;full&quot;}\">\n\t\t\t\t<div class=\"elementor-element elementor-element-12836e92 elementor-widget elementor-widget-heading\" data-id=\"12836e92\" data-element_type=\"widget\" data-widget_type=\"heading.default\">\n\t\t\t\t<div class=\"elementor-widget-container\">\n\t\t\t<style>\/*! elementor - v3.16.0 - 17-10-2023 *\/\n.elementor-heading-title{padding:0;margin:0;line-height:1}.elementor-widget-heading .elementor-heading-title[class*=elementor-size-]>a{color:inherit;font-size:inherit;line-height:inherit}.elementor-widget-heading .elementor-heading-title.elementor-size-small{font-size:15px}.elementor-widget-heading .elementor-heading-title.elementor-size-medium{font-size:19px}.elementor-widget-heading .elementor-heading-title.elementor-size-large{font-size:29px}.elementor-widget-heading .elementor-heading-title.elementor-size-xl{font-size:39px}.elementor-widget-heading .elementor-heading-title.elementor-size-xxl{font-size:59px}<\/style><h3 class=\"elementor-heading-title elementor-size-default\">Hakk\u0131m\u0131zda<\/h3>\t\t<\/div>\n\t\t\t\t<\/div>\n\t\t\t\t<div class=\"elementor-element elementor-element-662ba29b elementor-invisible elementor-widget elementor-widget-text-editor\" data-id=\"662ba29b\" data-element_type=\"widget\" data-settings=\"{&quot;_animation&quot;:&quot;fadeIn&quot;,&quot;_animation_delay&quot;:400}\" data-widget_type=\"text-editor.default\">\n\t\t\t\t<div class=\"elementor-widget-container\">\n\t\t\t<style>\/*! elementor - v3.16.0 - 17-10-2023 *\/\n.elementor-widget-text-editor.elementor-drop-cap-view-stacked .elementor-drop-cap{background-color:#69727d;color:#fff}.elementor-widget-text-editor.elementor-drop-cap-view-framed .elementor-drop-cap{color:#69727d;border:3px solid;background-color:transparent}.elementor-widget-text-editor:not(.elementor-drop-cap-view-default) .elementor-drop-cap{margin-top:8px}.elementor-widget-text-editor:not(.elementor-drop-cap-view-default) .elementor-drop-cap-letter{width:1em;height:1em}.elementor-widget-text-editor .elementor-drop-cap{float:left;text-align:center;line-height:1;font-size:50px}.elementor-widget-text-editor .elementor-drop-cap-letter{display:inline-block}<\/style>\t\t\t\t<strong>Biz Kimiz?<\/strong>\n\nakademiktezdestek.com\u00a0 2018 y\u0131l\u0131ndan itibaren akademik dan\u0131\u015fmanl\u0131k hizmeti sunan bir platformdur. Misyonumuz \u00f6\u011frencilere, ara\u015ft\u0131rmac\u0131lara ve akademisyenlere e\u011fitim yolculuklar\u0131nda rehberlik etmek ve ba\u015far\u0131lar\u0131n\u0131 art\u0131rmalar\u0131na yard\u0131mc\u0131 olmakt\u0131r.\n\n<strong>Neler Yap\u0131yoruz?<\/strong>\n\nHer biri kendi alan\u0131nda uzman kadromuz tez dan\u0131\u015fmanl\u0131\u011f\u0131, tez d\u00fczenleme ve akademik yaz\u0131m rehberli\u011fi hizmeti sunmaktad\u0131r.\n\n<strong>Neden Biz?<\/strong>\n\nM\u00fc\u015fteri memnuniyetine b\u00fcy\u00fck \u00f6nem veriyor ve her projeyi ayn\u0131 hassasiyetle ele almaktay\u0131z. Ayn\u0131 zamanda zaman\u0131nda teslimat tarihi ve uygun fiyatlar konusunda da taahh\u00fctte bulunuyoruz.Topluma geri vermek i\u00e7in g\u00f6n\u00fcll\u00fc faaliyetlere d\u00fczenli olarak kat\u0131l\u0131n.\n\t\t\t\t\t\t<\/div>\n\t\t\t\t<\/div>\n\t\t\t\t<\/div>\n\t\t\t\t<\/div>\n\t\t\t\t\t\t\t<\/div>\n\t\t","protected":false},"excerpt":{"rendered":"<p>Hakk\u0131m\u0131zda Biz Kimiz? akademiktezdestek.com\u00a0 2018 y\u0131l\u0131ndan itibaren akademik dan\u0131\u015fmanl\u0131k hizmeti sunan bir platformdur. Misyonumuz \u00f6\u011frencilere, ara\u015ft\u0131rmac\u0131lara ve akademisyenlere e\u011fitim yolculuklar\u0131nda rehberlik etmek ve ba\u015far\u0131lar\u0131n\u0131 art\u0131rmalar\u0131na yard\u0131mc\u0131 olmakt\u0131r. Neler Yap\u0131yoruz? Her biri kendi alan\u0131nda uzman kadromuz tez dan\u0131\u015fmanl\u0131\u011f\u0131, tez d\u00fczenleme ve akademik yaz\u0131m rehberli\u011fi hizmeti sunmaktad\u0131r. Neden Biz? M\u00fc\u015fteri memnuniyetine b\u00fcy\u00fck [&hellip;]<\/p>\n","protected":false},"author":1,"featured_media":0,"parent":0,"menu_order":0,"comment_status":"closed","ping_status":"closed","template":"elementor_header_footer","meta":{"_monsterinsights_skip_tracking":false,"_monsterinsights_sitenote_active":false,"_monsterinsights_sitenote_note":"","_monsterinsights_sitenote_category":0,"footnotes":""},"class_list":["post-52","page","type-page","status-publish","hentry"],"_links":{"self":[{"href":"https:\/\/akademiktezdestek.com\/index.php\/wp-json\/wp\/v2\/pages\/52","targetHints":{"allow":["GET"]}}],"collection":[{"href":"https:\/\/akademiktezdestek.com\/index.php\/wp-json\/wp\/v2\/pages"}],"about":[{"href":"https:\/\/akademiktezdestek.com\/index.php\/wp-json\/wp\/v2\/types\/page"}],"author":[{"embeddable":true,"href":"https:\/\/akademiktezdestek.com\/index.php\/wp-json\/wp\/v2\/users\/1"}],"replies":[{"embeddable":true,"href":"https:\/\/akademiktezdestek.com\/index.php\/wp-json\/wp\/v2\/comments?post=52"}],"version-history":[{"count":23,"href":"https:\/\/akademiktezdestek.com\/index.php\/wp-json\/wp\/v2\/pages\/52\/revisions"}],"predecessor-version":[{"id":234,"href":"https:\/\/akademiktezdestek.com\/index.php\/wp-json\/wp\/v2\/pages\/52\/revisions\/234"}],"wp:attachment":[{"href":"https:\/\/akademiktezdestek.com\/index.php\/wp-json\/wp\/v2\/media?parent=52"}],"curies":[{"name":"wp","href":"https:\/\/api.w.org\/{rel}","templated":true}]}}